{"id":4953,"date":"2022-03-10T12:44:46","date_gmt":"2022-03-10T15:44:46","guid":{"rendered":"http:\/\/localhost\/wordpress\/?post_type=product&#038;p=4953"},"modified":"2022-03-13T10:26:08","modified_gmt":"2022-03-13T13:26:08","slug":"megaline","status":"publish","type":"product","link":"https:\/\/uniaomaster.com.br\/?product=megaline","title":{"rendered":"Megaline"},"content":{"rendered":"","protected":false},"excerpt":{"rendered":"<h4>DESINFETANTE E ODORIZANTE<\/h4>\n<p>FRAGR\u00c2NCIAS: Floral, Lavanda, Citrus, Amaz\u00f4nia e Oceano<\/p>\n<p>Indicado para desinfec\u00e7\u00e3o, limpeza e odoriza\u00e7\u00e3o de todo o tipo de superf\u00edcie e ambiente. A\u00e7\u00e3o eficaz e segura, garantida pelo quatern\u00e1rio de am\u00f4nio 5\u00aa gera\u00e7\u00e3o. Fragr\u00e2ncias modernas e exclusivas, proporcionando experi\u00eancias encantadoras.<\/p>\n<p>Conte\u00fado: 5 L<\/p>\n<p>Dilui\u00e7\u00e3o:\u00a0 DESINFEC\u00c7\u00c3O 1:5 | LIMPEZA AT\u00c9 1:20<\/p>\n","protected":false},"featured_media":4992,"template":"","meta":{"inline_featured_image":false,"_joinchat":[]},"product_brand":[],"product_cat":[92,95,111,90],"product_tag":[110,112,113],"class_list":{"0":"post-4953","1":"product","2":"type-product","3":"status-publish","4":"has-post-thumbnail","6":"product_cat-cozinha","7":"product_cat-institucional","8":"product_cat-piso","9":"product_cat-todos","10":"product_tag-desinfetante","11":"product_tag-limpa-piso","12":"product_tag-limpador-perfumado","14":"first","15":"instock","16":"shipping-taxable","17":"product-type-simple"},"_links":{"self":[{"href":"https:\/\/uniaomaster.com.br\/index.php?rest_route=\/wp\/v2\/product\/4953","targetHints":{"allow":["GET"]}}],"collection":[{"href":"https:\/\/uniaomaster.com.br\/index.php?rest_route=\/wp\/v2\/product"}],"about":[{"href":"https:\/\/uniaomaster.com.br\/index.php?rest_route=\/wp\/v2\/types\/product"}],"version-history":[{"count":1,"href":"https:\/\/uniaomaster.com.br\/index.php?rest_route=\/wp\/v2\/product\/4953\/revisions"}],"predecessor-version":[{"id":5042,"href":"https:\/\/uniaomaster.com.br\/index.php?rest_route=\/wp\/v2\/product\/4953\/revisions\/5042"}],"wp:featuredmedia":[{"embeddable":true,"href":"https:\/\/uniaomaster.com.br\/index.php?rest_route=\/wp\/v2\/media\/4992"}],"wp:attachment":[{"href":"https:\/\/uniaomaster.com.br\/index.php?rest_route=%2Fwp%2Fv2%2Fmedia&parent=4953"}],"wp:term":[{"taxonomy":"product_brand","embeddable":true,"href":"https:\/\/uniaomaster.com.br\/index.php?rest_route=%2Fwp%2Fv2%2Fproduct_brand&post=4953"},{"taxonomy":"product_cat","embeddable":true,"href":"https:\/\/uniaomaster.com.br\/index.php?rest_route=%2Fwp%2Fv2%2Fproduct_cat&post=4953"},{"taxonomy":"product_tag","embeddable":true,"href":"https:\/\/uniaomaster.com.br\/index.php?rest_route=%2Fwp%2Fv2%2Fproduct_tag&post=4953"}],"curies":[{"name":"wp","href":"https:\/\/api.w.org\/{rel}","templated":true}]}}