{"id":5044,"date":"2022-03-10T15:11:34","date_gmt":"2022-03-10T18:11:34","guid":{"rendered":"http:\/\/localhost\/wordpress\/?post_type=product&#038;p=5044"},"modified":"2022-03-13T10:26:08","modified_gmt":"2022-03-13T13:26:08","slug":"hidro-fill-300-hospitalar","status":"publish","type":"product","link":"https:\/\/uniaomaster.com.br\/?product=hidro-fill-300-hospitalar","title":{"rendered":"Hidro Fill 300 Hospitalar"},"content":{"rendered":"","protected":false},"excerpt":{"rendered":"<h4><strong>DETERGENTE LIMPADOR PARA PISOS<\/strong><\/h4>\n<p><strong>SEM FRAGR\u00c2NCIA<\/strong><\/p>\n<p>Especialmente indicado para os pisos tratados com ceras acr\u00edlicas. Atende os diversos tipos de pisos, tais como: granitos polidos, m\u00e1rmores, porcelanatos e cer\u00e2micas em ambiente hospitalar. Isento de \u00e1lcalis ou \u00e1cidos, limpa profundamente sem riscos de agressividade a superf\u00edcie.<\/p>\n<p>Conte\u00fado:\u00a0 5L<\/p>\n<p>Dilui\u00e7\u00e3o: At\u00e9 1:300<\/p>\n<p>&nbsp;<\/p>\n","protected":false},"featured_media":5045,"template":"","meta":{"inline_featured_image":false,"_joinchat":[]},"product_brand":[],"product_cat":[91,111,90],"product_tag":[],"class_list":{"0":"post-5044","1":"product","2":"type-product","3":"status-publish","4":"has-post-thumbnail","6":"product_cat-assistencia-a-saude","7":"product_cat-piso","8":"product_cat-todos","10":"first","11":"instock","12":"shipping-taxable","13":"product-type-simple"},"_links":{"self":[{"href":"https:\/\/uniaomaster.com.br\/index.php?rest_route=\/wp\/v2\/product\/5044","targetHints":{"allow":["GET"]}}],"collection":[{"href":"https:\/\/uniaomaster.com.br\/index.php?rest_route=\/wp\/v2\/product"}],"about":[{"href":"https:\/\/uniaomaster.com.br\/index.php?rest_route=\/wp\/v2\/types\/product"}],"version-history":[{"count":0,"href":"https:\/\/uniaomaster.com.br\/index.php?rest_route=\/wp\/v2\/product\/5044\/revisions"}],"wp:featuredmedia":[{"embeddable":true,"href":"https:\/\/uniaomaster.com.br\/index.php?rest_route=\/wp\/v2\/media\/5045"}],"wp:attachment":[{"href":"https:\/\/uniaomaster.com.br\/index.php?rest_route=%2Fwp%2Fv2%2Fmedia&parent=5044"}],"wp:term":[{"taxonomy":"product_brand","embeddable":true,"href":"https:\/\/uniaomaster.com.br\/index.php?rest_route=%2Fwp%2Fv2%2Fproduct_brand&post=5044"},{"taxonomy":"product_cat","embeddable":true,"href":"https:\/\/uniaomaster.com.br\/index.php?rest_route=%2Fwp%2Fv2%2Fproduct_cat&post=5044"},{"taxonomy":"product_tag","embeddable":true,"href":"https:\/\/uniaomaster.com.br\/index.php?rest_route=%2Fwp%2Fv2%2Fproduct_tag&post=5044"}],"curies":[{"name":"wp","href":"https:\/\/api.w.org\/{rel}","templated":true}]}}