{"id":5124,"date":"2022-03-11T20:11:07","date_gmt":"2022-03-11T23:11:07","guid":{"rendered":"http:\/\/localhost\/wordpress\/?post_type=product&#038;p=5124"},"modified":"2022-04-02T22:31:34","modified_gmt":"2022-04-03T01:31:34","slug":"clor-sanitizante-sp","status":"publish","type":"product","link":"https:\/\/uniaomaster.com.br\/?product=clor-sanitizante-sp","title":{"rendered":"Clor Sanitizante SP"},"content":{"rendered":"","protected":false},"excerpt":{"rendered":"<p>DESINFETANTE L\u00cdQUIDO \u00c0 BASE DE CLORO<\/p>\n<p>FRAGR\u00c2NCIA: Sem fragr\u00e2ncia<\/p>\n<p>Indicado para sanitiza\u00e7\u00e3o de superf\u00edcies e equipamentos, alvejamento de roupas, sanitizar lou\u00e7as em m\u00e1quinas de lavar, sanitiza\u00e7\u00e3o de hortifr\u00fatis e tratamento de \u00e1gua.<\/p>\n<p>Conte\u00fado: 5 L<\/p>\n<p>Dilui\u00e7\u00e3o: superf\u00edcies 2 mL \/ L | roupas 20 mL\/L | Tratamento de \u00e1gua de sanitiza\u00e7\u00e3o de vegetais, vide r\u00f3tulo.<\/p>\n","protected":false},"featured_media":5125,"template":"","meta":{"inline_featured_image":false,"_joinchat":[]},"product_brand":[],"product_cat":[94,90],"product_tag":[],"class_list":{"0":"post-5124","1":"product","2":"type-product","3":"status-publish","4":"has-post-thumbnail","6":"product_cat-industria-alimenticia","7":"product_cat-todos","9":"first","10":"instock","11":"shipping-taxable","12":"product-type-simple"},"_links":{"self":[{"href":"https:\/\/uniaomaster.com.br\/index.php?rest_route=\/wp\/v2\/product\/5124","targetHints":{"allow":["GET"]}}],"collection":[{"href":"https:\/\/uniaomaster.com.br\/index.php?rest_route=\/wp\/v2\/product"}],"about":[{"href":"https:\/\/uniaomaster.com.br\/index.php?rest_route=\/wp\/v2\/types\/product"}],"version-history":[{"count":0,"href":"https:\/\/uniaomaster.com.br\/index.php?rest_route=\/wp\/v2\/product\/5124\/revisions"}],"wp:featuredmedia":[{"embeddable":true,"href":"https:\/\/uniaomaster.com.br\/index.php?rest_route=\/wp\/v2\/media\/5125"}],"wp:attachment":[{"href":"https:\/\/uniaomaster.com.br\/index.php?rest_route=%2Fwp%2Fv2%2Fmedia&parent=5124"}],"wp:term":[{"taxonomy":"product_brand","embeddable":true,"href":"https:\/\/uniaomaster.com.br\/index.php?rest_route=%2Fwp%2Fv2%2Fproduct_brand&post=5124"},{"taxonomy":"product_cat","embeddable":true,"href":"https:\/\/uniaomaster.com.br\/index.php?rest_route=%2Fwp%2Fv2%2Fproduct_cat&post=5124"},{"taxonomy":"product_tag","embeddable":true,"href":"https:\/\/uniaomaster.com.br\/index.php?rest_route=%2Fwp%2Fv2%2Fproduct_tag&post=5124"}],"curies":[{"name":"wp","href":"https:\/\/api.w.org\/{rel}","templated":true}]}}