{"id":5129,"date":"2022-03-12T20:04:12","date_gmt":"2022-03-12T23:04:12","guid":{"rendered":"http:\/\/localhost\/wordpress\/?post_type=product&#038;p=5129"},"modified":"2023-10-17T18:24:36","modified_gmt":"2023-10-17T21:24:36","slug":"papel-interfolha-100-celulose","status":"publish","type":"product","link":"https:\/\/uniaomaster.com.br\/?product=papel-interfolha-100-celulose","title":{"rendered":"Papel Toalha Interfolha 100% Celulose Virgem 23x21cm 1000 Folhas"},"content":{"rendered":"","protected":false},"excerpt":{"rendered":"<p>Toalhas Intercaladas com 2 dobras<br \/>\nCaracter\u00edsticas: Papel fabricado com mat\u00e9ria prima selecionada 100% CELULOSE<br \/>\nVIRGEM, de excelente qualidade<br \/>\nEmbalagem: Pl\u00e1stico transparente<br \/>\nCont\u00e9m um total de 1000 folhas, separadas e embaladas em saco pl\u00e1stico com 4<br \/>\npacotes de 250 folhas cada<br \/>\nMedida das Folhas: 23x21cm<br \/>\nOp\u00e7\u00f5es de Gramaturas: 15 gramas, 20 a 22 gramas ou 30 gramas<br \/>\nCor do Papel: Amarelada<br \/>\nFolha Simples ou Folha Dupla<br \/>\nAplica\u00e7\u00e3o: Utilizadas em dispenser de papel toalha interfolha<br \/>\nM\u00e9dia por Utiliza\u00e7\u00e3o: 2 a 4 folhas<\/p>\n<p>Mat\u00e9ria Prima: 100% Fibra Celulose Virgem<\/p>\n<p>Formato: Folhas \/ Intercaladas \u2013 2 Dobras<\/p>\n<p>Embalagem: Pl\u00e1stica<\/p>\n<p>Conte\u00fado: 1000 folhas 23x21cm<\/p>\n","protected":false},"featured_media":4483,"template":"","meta":{"inline_featured_image":false,"_joinchat":[]},"product_brand":[],"product_cat":[96,90],"product_tag":[],"class_list":{"0":"post-5129","1":"product","2":"type-product","3":"status-publish","4":"has-post-thumbnail","6":"product_cat-papeis","7":"product_cat-todos","9":"first","10":"instock","11":"featured","12":"shipping-taxable","13":"product-type-simple"},"_links":{"self":[{"href":"https:\/\/uniaomaster.com.br\/index.php?rest_route=\/wp\/v2\/product\/5129","targetHints":{"allow":["GET"]}}],"collection":[{"href":"https:\/\/uniaomaster.com.br\/index.php?rest_route=\/wp\/v2\/product"}],"about":[{"href":"https:\/\/uniaomaster.com.br\/index.php?rest_route=\/wp\/v2\/types\/product"}],"version-history":[{"count":3,"href":"https:\/\/uniaomaster.com.br\/index.php?rest_route=\/wp\/v2\/product\/5129\/revisions"}],"predecessor-version":[{"id":6413,"href":"https:\/\/uniaomaster.com.br\/index.php?rest_route=\/wp\/v2\/product\/5129\/revisions\/6413"}],"wp:featuredmedia":[{"embeddable":true,"href":"https:\/\/uniaomaster.com.br\/index.php?rest_route=\/wp\/v2\/media\/4483"}],"wp:attachment":[{"href":"https:\/\/uniaomaster.com.br\/index.php?rest_route=%2Fwp%2Fv2%2Fmedia&parent=5129"}],"wp:term":[{"taxonomy":"product_brand","embeddable":true,"href":"https:\/\/uniaomaster.com.br\/index.php?rest_route=%2Fwp%2Fv2%2Fproduct_brand&post=5129"},{"taxonomy":"product_cat","embeddable":true,"href":"https:\/\/uniaomaster.com.br\/index.php?rest_route=%2Fwp%2Fv2%2Fproduct_cat&post=5129"},{"taxonomy":"product_tag","embeddable":true,"href":"https:\/\/uniaomaster.com.br\/index.php?rest_route=%2Fwp%2Fv2%2Fproduct_tag&post=5129"}],"curies":[{"name":"wp","href":"https:\/\/api.w.org\/{rel}","templated":true}]}}