{"id":5131,"date":"2022-03-12T20:21:45","date_gmt":"2022-03-12T23:21:45","guid":{"rendered":"http:\/\/localhost\/wordpress\/?post_type=product&#038;p=5131"},"modified":"2023-10-17T18:17:14","modified_gmt":"2023-10-17T21:17:14","slug":"papel-interfolhas-paper-slim-branco","status":"publish","type":"product","link":"https:\/\/uniaomaster.com.br\/?product=papel-interfolhas-paper-slim-branco","title":{"rendered":"Papel Toalha Interfolha 23x21cm 700 Folhas &#8211; Paper Slim"},"content":{"rendered":"","protected":false},"excerpt":{"rendered":"<p>Toalhas Intercaladas com 2 dobras<br \/>\nMat\u00e9ria Prima: 100% Celulose Virgem ou 100% Fibras Celul\u00f3sicas (Luxo ou Branco)<br \/>\nEmbalagem: Pl\u00e1stico transparente<br \/>\nCont\u00e9m um total de aproximadamente 700 folhas, separadas e embaladas em saco<br \/>\npl\u00e1stico com 3 pacotes de 233 folhas cada<br \/>\nMedida das Folhas: 23x21cm<br \/>\nOp\u00e7\u00f5es de Gramaturas: 15 gramas, 20 a 22 gramas ou 30 gramas<br \/>\nCor do Papel: Amarelada, Branca ou Acinzentada<br \/>\nFolha Simples ou Folha Dupla<br \/>\nAplica\u00e7\u00e3o: Utilizadas em dispenser de papel toalha interfolha<br \/>\nM\u00e9dia por Utiliza\u00e7\u00e3o: 2 a 4 folhas<\/p>\n<p>Formato: Folhas \/ Intercaladas \u2013 2 Dobras<\/p>\n<p>Embalagem: Pl\u00e1stica<\/p>\n<p>Conte\u00fado: 700 folhas 23x21cm<\/p>\n","protected":false},"featured_media":4522,"template":"","meta":{"inline_featured_image":false,"_joinchat":[]},"product_brand":[],"product_cat":[96,90],"product_tag":[],"class_list":{"0":"post-5131","1":"product","2":"type-product","3":"status-publish","4":"has-post-thumbnail","6":"product_cat-papeis","7":"product_cat-todos","9":"first","10":"instock","11":"featured","12":"shipping-taxable","13":"product-type-simple"},"_links":{"self":[{"href":"https:\/\/uniaomaster.com.br\/index.php?rest_route=\/wp\/v2\/product\/5131","targetHints":{"allow":["GET"]}}],"collection":[{"href":"https:\/\/uniaomaster.com.br\/index.php?rest_route=\/wp\/v2\/product"}],"about":[{"href":"https:\/\/uniaomaster.com.br\/index.php?rest_route=\/wp\/v2\/types\/product"}],"version-history":[{"count":3,"href":"https:\/\/uniaomaster.com.br\/index.php?rest_route=\/wp\/v2\/product\/5131\/revisions"}],"predecessor-version":[{"id":6410,"href":"https:\/\/uniaomaster.com.br\/index.php?rest_route=\/wp\/v2\/product\/5131\/revisions\/6410"}],"wp:featuredmedia":[{"embeddable":true,"href":"https:\/\/uniaomaster.com.br\/index.php?rest_route=\/wp\/v2\/media\/4522"}],"wp:attachment":[{"href":"https:\/\/uniaomaster.com.br\/index.php?rest_route=%2Fwp%2Fv2%2Fmedia&parent=5131"}],"wp:term":[{"taxonomy":"product_brand","embeddable":true,"href":"https:\/\/uniaomaster.com.br\/index.php?rest_route=%2Fwp%2Fv2%2Fproduct_brand&post=5131"},{"taxonomy":"product_cat","embeddable":true,"href":"https:\/\/uniaomaster.com.br\/index.php?rest_route=%2Fwp%2Fv2%2Fproduct_cat&post=5131"},{"taxonomy":"product_tag","embeddable":true,"href":"https:\/\/uniaomaster.com.br\/index.php?rest_route=%2Fwp%2Fv2%2Fproduct_tag&post=5131"}],"curies":[{"name":"wp","href":"https:\/\/api.w.org\/{rel}","templated":true}]}}