{"id":6105,"date":"2022-04-02T22:55:13","date_gmt":"2022-04-03T01:55:13","guid":{"rendered":"https:\/\/uniaomaster.com.br\/?post_type=product&#038;p=6105"},"modified":"2022-04-02T23:17:09","modified_gmt":"2022-04-03T02:17:09","slug":"derm-sabonete-erva-doce-soft","status":"publish","type":"product","link":"https:\/\/uniaomaster.com.br\/?product=derm-sabonete-erva-doce-soft","title":{"rendered":"Sabonete L\u00edquido"},"content":{"rendered":"","protected":false},"excerpt":{"rendered":"<p>Desenvolvidos com mat\u00e9rias-primas selecionadas e um sofisticado sistema de \u00e1gua de osmose reversa. Todo esse cuidado se reflete em produtos com agrad\u00e1vel sensa\u00e7\u00e3o de maciez, excelente performance, levemente perfumados e com pH fisiol\u00f3gico, sendo indicados para a limpeza e higieniza\u00e7\u00e3o de todo o corpo.<\/p>\n","protected":false},"featured_media":6106,"template":"","meta":{"inline_featured_image":false,"_joinchat":[]},"product_brand":[],"product_cat":[93,90],"product_tag":[],"class_list":{"0":"post-6105","1":"product","2":"type-product","3":"status-publish","4":"has-post-thumbnail","6":"product_cat-higiene-pessoal","7":"product_cat-todos","9":"first","10":"instock","11":"shipping-taxable","12":"product-type-simple"},"_links":{"self":[{"href":"https:\/\/uniaomaster.com.br\/index.php?rest_route=\/wp\/v2\/product\/6105","targetHints":{"allow":["GET"]}}],"collection":[{"href":"https:\/\/uniaomaster.com.br\/index.php?rest_route=\/wp\/v2\/product"}],"about":[{"href":"https:\/\/uniaomaster.com.br\/index.php?rest_route=\/wp\/v2\/types\/product"}],"version-history":[{"count":1,"href":"https:\/\/uniaomaster.com.br\/index.php?rest_route=\/wp\/v2\/product\/6105\/revisions"}],"predecessor-version":[{"id":6122,"href":"https:\/\/uniaomaster.com.br\/index.php?rest_route=\/wp\/v2\/product\/6105\/revisions\/6122"}],"wp:featuredmedia":[{"embeddable":true,"href":"https:\/\/uniaomaster.com.br\/index.php?rest_route=\/wp\/v2\/media\/6106"}],"wp:attachment":[{"href":"https:\/\/uniaomaster.com.br\/index.php?rest_route=%2Fwp%2Fv2%2Fmedia&parent=6105"}],"wp:term":[{"taxonomy":"product_brand","embeddable":true,"href":"https:\/\/uniaomaster.com.br\/index.php?rest_route=%2Fwp%2Fv2%2Fproduct_brand&post=6105"},{"taxonomy":"product_cat","embeddable":true,"href":"https:\/\/uniaomaster.com.br\/index.php?rest_route=%2Fwp%2Fv2%2Fproduct_cat&post=6105"},{"taxonomy":"product_tag","embeddable":true,"href":"https:\/\/uniaomaster.com.br\/index.php?rest_route=%2Fwp%2Fv2%2Fproduct_tag&post=6105"}],"curies":[{"name":"wp","href":"https:\/\/api.w.org\/{rel}","templated":true}]}}