{"id":6115,"date":"2022-04-02T23:05:43","date_gmt":"2022-04-03T02:05:43","guid":{"rendered":"https:\/\/uniaomaster.com.br\/?post_type=product&#038;p=6115"},"modified":"2022-04-04T17:12:27","modified_gmt":"2022-04-04T20:12:27","slug":"sabonete-antisseptico-triclosan","status":"publish","type":"product","link":"https:\/\/uniaomaster.com.br\/?product=sabonete-antisseptico-triclosan","title":{"rendered":"Sabonete Antiss\u00e9ptico Triclosan"},"content":{"rendered":"","protected":false},"excerpt":{"rendered":"<p>Especialmente desenvolvido para a ind\u00fastria aliment\u00edcia, \u00e1rea de sa\u00fade e qualquer lugar onde se tenha a necessidade de higieniza\u00e7\u00e3o e limpeza eficaz. Formula\u00e7\u00e3o balanceada com agente antimicrobiano TRICLOSAN, que confere efic\u00e1cia na higieniza\u00e7\u00e3o de m\u00e3os, bra\u00e7os e antebra\u00e7os. Se necess\u00e1rio, pode ser utilizado em todo o corpo. Eficaz frente a Germes, Bact\u00e9rias GRAM(+) e GRAM (-).<br \/>\nFormula\u00e7\u00e3o com 0,3% de TRICLOSAN, conforme RDC n\u00ba 29 de 01\/06\/2012 \u2013 ANVISA.<\/p>\n","protected":false},"featured_media":6116,"template":"","meta":{"inline_featured_image":false,"_joinchat":[]},"product_brand":[],"product_cat":[91,93,90],"product_tag":[],"class_list":{"0":"post-6115","1":"product","2":"type-product","3":"status-publish","4":"has-post-thumbnail","6":"product_cat-assistencia-a-saude","7":"product_cat-higiene-pessoal","8":"product_cat-todos","10":"first","11":"instock","12":"featured","13":"shipping-taxable","14":"product-type-simple"},"_links":{"self":[{"href":"https:\/\/uniaomaster.com.br\/index.php?rest_route=\/wp\/v2\/product\/6115","targetHints":{"allow":["GET"]}}],"collection":[{"href":"https:\/\/uniaomaster.com.br\/index.php?rest_route=\/wp\/v2\/product"}],"about":[{"href":"https:\/\/uniaomaster.com.br\/index.php?rest_route=\/wp\/v2\/types\/product"}],"version-history":[{"count":1,"href":"https:\/\/uniaomaster.com.br\/index.php?rest_route=\/wp\/v2\/product\/6115\/revisions"}],"predecessor-version":[{"id":6197,"href":"https:\/\/uniaomaster.com.br\/index.php?rest_route=\/wp\/v2\/product\/6115\/revisions\/6197"}],"wp:featuredmedia":[{"embeddable":true,"href":"https:\/\/uniaomaster.com.br\/index.php?rest_route=\/wp\/v2\/media\/6116"}],"wp:attachment":[{"href":"https:\/\/uniaomaster.com.br\/index.php?rest_route=%2Fwp%2Fv2%2Fmedia&parent=6115"}],"wp:term":[{"taxonomy":"product_brand","embeddable":true,"href":"https:\/\/uniaomaster.com.br\/index.php?rest_route=%2Fwp%2Fv2%2Fproduct_brand&post=6115"},{"taxonomy":"product_cat","embeddable":true,"href":"https:\/\/uniaomaster.com.br\/index.php?rest_route=%2Fwp%2Fv2%2Fproduct_cat&post=6115"},{"taxonomy":"product_tag","embeddable":true,"href":"https:\/\/uniaomaster.com.br\/index.php?rest_route=%2Fwp%2Fv2%2Fproduct_tag&post=6115"}],"curies":[{"name":"wp","href":"https:\/\/api.w.org\/{rel}","templated":true}]}}